ndreds digit of 1061551?
5
What is the thousands digit of 2894389?
4
What is the units digit of 1074763?
3
What is the hundred thousands digit of 8489113?
4
What is the hundreds digit of 16228?
2
What is the hundred thousands digit of 133819?
1
What is the tens digit of 4563780?
8
What is the units digit of 3531353?
3
What is the ten thousands digit of 207648?
0
What is the ten thousands digit of 679234?
7
What is the tens digit of 6257881?
8
What is the hundred thousands digit of 38603509?
6
What is the hundreds digit of 287028?
0
What is the units digit of 142153?
3
What is the ten thousands digit of 121865?
2
What is the thousands digit of 419099?
9
What is the millions digit of 2340395?
2
What is the tens digit of 182101?
0
What is the ten thousands digit of 186254?
8
What is the thousands digit of 451640?
1
What is the tens digit of 3907636?
3
What is the ten thousands digit of 293031?
9
What is the tens digit of 564175?
7
What is the thousands digit of 1744983?
4
What is the units digit of 10613?
3
What is the tens digit of 132223?
2
What is the hundreds digit of 2060765?
7
What is the hundred thousands digit of 189372?
1
What is the tens digit of 495657?
5
What is the tens digit of 425130?
3
What is the ten thousands digit of 1275009?
7
What is the millions digit of 1121510?
1
What is the hundreds digit of 252789?
7
What is the hundreds digit of 3912639?
6
What is the thousands digit of 152127?
2
What is the thousands digit of 11457507?
7
What is the ten millions digit of 13593145?
1
What is the thousands digit of 192625?
2
What is the units digit of 290063?
3
What is the hundreds digit of 2863943?
9
What is the ten thousands digit of 396264?
9
What is the hundreds digit of 31740?
7
What is the thousands digit of 13583685?
3
What is the ten thousands digit of 798355?
9
What is the ten thousands digit of 3831777?
3
What is the millions digit of 36364929?
6
What is the thousands digit of 327339?
7
What is the hundreds digit of 195528?
5
What is the millions digit of 21364473?
1
What is the hundred thousands digit of 136011?
1
What is the ten thousands digit of 9665315?
6
What is the units digit of 124696?
6
What is the thousands digit of 9172897?
2
What is the millions digit of 1899194?
1
What is the units digit of 2988216?
6
What is the units digit of 1305301?
1
What is the tens digit of 16300313?
1
What is the hundred thousands digit of 1328328?
3
What is the hundred thousands digit of 1271703?
2
What is the thousands digit of 3815234?
5
What is the thousands digit of 184324?
4
What is the hundreds digit of 41057716?
7
What is the thousands digit of 210275?
0
What is the millions digit of 1050170?
1
What is the tens digit of 1283603?
0
What is the hundreds digit of 431840?
8
What is the thousands digit of 4624575?
4
What is the tens digit of 483269?
6
What is the millions digit of 4570047?
4
What is the millions digit of 12217942?
2
What is the hundreds digit of 3755862?
8
What is the millions digit of 1681043?
1
What is the units digit of 1069640?
0
What is the hundreds digit of 1790699?
6
What is the hundred thousands digit of 7836294?
8
What is the tens digit of 4127862?
6
What is the units digit of 191086?
6
What is the hundred thousands digit of 1574232?
5
What is the thousands digit of 10939?
0
What is the tens digit of 3534050?
5
What is the thousands digit of 1699200?
9
What is the ten thousands digit of 2869583?
6
What is the tens digit of 2279777?
7
What is the units digit of 1737443?
3
What is the hundred thousands digit of 1721526?
7
What is the millions digit of 1523637?
1
What is the ten thousands digit of 40638?
4
What is the ten thousands digit of 116222?
1
What is the tens digit of 306568?
6
What is the units digit of 3617176?
6
What is the hundred thousands digit of 1542458?
5
What is the tens digit of 119363?
6
What is the ten millions digit of 17623913?
1
What is the hundred thousands digit of 639154?
6
What is the ten thousands digit of 5146575?
4
What is the thousands digit of 3133488?
3
What is the ten thousands digit of 348851?
4
What is the hundreds digit of 390638?
6
What is the millions digit of 3402172?
3
What is the tens digit of 1996922?
2
What is the ten thousands digit of 7963592?
6
What is the hundred thousands digit of 426964?
4
What is the tens digit of 2981008?
0
What is the ten thousands digit of 754033?
5
What is the ten thousands digit of 508930?
0
What is the units digit of 171376?
6
What is the ten thousands digit of 8899740?
9
What is the thousands digit of 45556?
5
What is the thousands digit of 6960082?
0
What is the ten thousands digit of 3072891?
7
What is the millions digit of 4616148?
4
What is the hundred thousands digit of 6527841?
5
What is the ten thousands digit of 11532704?
3
What is the ten thousands digit of 334975?
3
What is the ten thousands digit of 44717?
4
What is the ten thousands digit of 25357837?
5
What is the thousands digit of 1052268?
2
What is the tens digit of 16909?
0
What is the ten millions digit of 31649100?
3
What is the tens digit of 78303?
0
What is the units digit of 1602843?
3
What is the units digit of 10793118?
8
What is the ten thousands digit of 402557?
0
What is the tens digit of 17073427?
2
What is the thousands digit of 10207252?
7
What is the units digit of 415311?
1
What is the ten thousands digit of 166116?
6
What is the tens digit of 86005?
0
What is the hundred thousands digit of 7038167?
0
What is the hundred thousands digit of 969322?
9
What is the millions digit of 1768893?
1
What is the millions digit of 1048570?
1
What is the ten thousands digit of 35260?
3
What is the ten thousands digit of 230392?
3
What is the units digit of 12474373?
3
What is the units digit of 712022?
2
What is the ten thousands digit of 533809?
3
What is the hundred thousands digit of 172958?
1
What is the thousands digit of 328551?
8
What is the thousands digit of 1477272?
7
What is the hundred thousands digit of 1073615?
0
What is the units digit of 15430560?
0
What is the ten thousands digit of 4513520?
1
What is the thousands digit of 11156493?
6
What is the hundreds digit of 6432922?
9
What is the units digit of 189029?
9
What is the units digit of 659882?
2
What is the hundreds digit of 4627840?
8
What is the units digit of 4423770?
0
What is the tens digit of 4878825?
2
What is the tens digit of 14991875?
7
What is the hundred thousands digit of 313616?
3
What is the ten millions digit of 24369782?
2
What is the millions digit of 18608753?
8
What is the units digit of 233411?
1
What is the hundreds digit of 441331?
3
What is the units digit of 2718841?
1
What is the ten millions digit of 20964132?
2
What is the units digit of 1173719?
9
What is the millions digit of 1074781?
1
What is the hundreds digit of 42461?
4
What is the hundred thousands digit of 15547864?
5
What is the units digit of 1230958?
8
What is the tens digit of 182763?
6
What is the hundreds digit of 98781?
7
What is the millions digit of 5650808?
5
What is the hundred thousands digit of 7106006?
1
What is the hundreds digit of 197742?
7
What is the units digit of 5334384?
4
What is the units digit of 3559578?
8
What is the hundred thousands digit of 113794?
1
What is the tens digit of 7313262?
6
What is the units digit of 63671?
1
What is the hundred thousands digit of 10963116?
9
What is the ten millions digit of 11243721?
1
What is the hundreds digit of 605391?
3
What is the millions digit of 3910434?
3
What is the thousands digit of 16962855?
2
What is the ten thousands digit of 833665?
3
What is the tens digit of 247927?
2
What is the ten millions digit of 24452901?
2
What is the tens digit of 731965?
6
What is the hundreds digit of 30416021?
0
What is the hundred thousands digit of 33682762?
6
What is the tens digit of 36416?
1
What is the thousands digit of 337657?
7
What is the units digit of 213663?
3
What is the units digit of 47684?
4
What is the millions digit of 21802263?
1
What is the ten thousands digit of 14797709?
9
What is the ten thousands digit of 250518?
5
What is the thousands digit of 775383?
5
What is the millions digit of 8013078?
8
What is the tens digit of 764877?
7
What is the tens digit of 1603664?
6
What is the hundreds digit of 305690?
6
What is the hundreds d